e greatest common factor of 13 and j.
13
Suppose 3*b - 219 = -3*o + 1023, 0 = 3*b - o - 1254. What is the greatest common factor of b and 15?
3
Suppose 2*i = u + 31, 8*u = 5*i + 12*u - 58. Let r be (21/i)/((-4)/168*-3). Calculate the greatest common divisor of 18 and r.
3
Let i = -4392 - -4966. Calculate the greatest common factor of i and 14.
14
Let o be 3/(40/(-28) - -1)*-2. Let l be (26/(-4)*2)/(1/(-7)). What is the greatest common divisor of l and o?
7
Suppose -10 - 2 = -3*s. Suppose 0*i + s*i + 3*q - 91 = 0, -2*q = 2*i - 44. Let n be i*6/(-12)*2/(-1). What is the highest common factor of n and 5?
5
Suppose -799 + 39 = 19*q. Let o(f) = -f**3 - 6*f**2 + 2*f + 8. Let p be o(-6). Let b = p - q. What is the highest common factor of 54 and b?
18
Let l be 0 - 2114/(-6) - (-125)/(-375). Calculate the highest common divisor of l and 3344.
176
Let l be ((-205)/(-3))/((-865)/(-50862)). What is the greatest common factor of 7 and l?
7
Let j be (-955)/(-20) + 9/(-12). Let r = -45 + j. Suppose 163 = 5*b + r*c, 2*b = 5*c + 27 + 15. What is the greatest common divisor of 124 and b?
31
Let x(i) = i**2 - 32*i + 24. Let o be x(0). Let f be (-8 + (-1866)/o)*-4. What is the greatest common factor of f and 98?
49
Suppose 28*l = -17*l + 19*l + 103792. Calculate the greatest common factor of l and 16.
8
Let d(i) = i**2 - 14*i + 17. Let m be d(13). Let p(j) = 235*j - 2569. Let u be p(11). Calculate the greatest common factor of m and u.
4
Let h = -3570 - -3842. What is the greatest common factor of h and 208?
16
Let i(a) = -a**3 + 6*a**2 + 16*a - 21. Let f be i(7). Let u be f/3 + (-144)/(-24). Calculate the greatest common divisor of 180 and u.
20
Suppose -23*l + 123 + 226 = -19. What is the greatest common divisor of l and 1328?
16
Suppose -2*p = -b + 5, 2*p + 65 = 2*b + 45. What is the greatest common factor of 2985 and b?
15
Let y(k) = 7 + 5 + 14*k - 16*k. Let c be y(-1). What is the highest common divisor of c and 322?
14
Suppose 5*a + 736 = 37*a. Let g be a - (-2 + 3 + 3). Let n be (-3 + 0)*(-58 - -1). What is the highest common divisor of n and g?
19
Suppose -8*v + 12*v = 20. Let z(d) = 2*d + 10*d**2 + 11*d - v*d - 2*d + 14. Let i be z(-5). What is the greatest common divisor of i and 18?
18
Let t(g) = -4*g + 34. Let i be t(8). Let w be -1 - 1/((-3)/42*i). Suppose -13 = -3*v + 5. What is the greatest common factor of v and w?
6
Let j be 0 - 31*(-1 + 2). Let g be j/(-4) + 9/(-12) - 2. Let t(p) = 34*p - 20. Let v be t(g). What is the highest common divisor of 30 and v?
30
Suppose 0 = -2*j - 0*h - 3*h - 1171, 5*j + 4*h = -2938. Let v = j + 614. What is the highest common divisor of 24 and v?
24
Let m(c) = c**2 + 70*c + 694. Let s be m(-11). What is the greatest common factor of s and 2865?
15
Suppose 5*k - g = 155, -5*k + 85 + 95 = 4*g. Suppose -8*m + 2*m = -390. Let q = 73 - m. What is the highest common divisor of k and q?
8
Suppose -4*u + 150 = 26*u. Let o(z) = 6*z**2 + 29*z - 139. Let b be o(u). What is the highest common divisor of 351 and b?
39
Let b = 22132 + -21989. Calculate the highest common factor of b and 3157.
11
Let c = -15437 + 16647. What is the greatest common factor of c and 270?
10
Let j be 77/5 + (-16)/40. Let t = j + 39. Calculate the greatest common divisor of 126 and t.
18
Suppose 3*p - 33 = 117. Let h(y) = 14*y - 63. Let m be h(4). Let c be (-9)/(-15)*5 - m. Calculate the highest common divisor of p and c.
10
Let c be (-13 - -23) + -14 + 18207. What is the greatest common factor of 334 and c?
167
Let m(g) = 3*g**3 + 34*g**2 - 165*g - 4. Let o be m(-14). Calculate the highest common divisor of 288 and o.
18
Let g = -203 - -197. Let s be 5344/20 + g - (-2)/(-10). What is the greatest common divisor of 9 and s?
9
Suppose -5 - 5 = -2*k. Suppose k = -o - 5. Let a(m) = -m**3 - 9*m**2 + 10*m + 7. Let y be a(o). What is the highest common divisor of y and 1?
1
Suppose 3*g - 7*g + 8 = 0, -u - 5*g + 60 = 0. Calculate the highest common factor of u and 1570.
10
Let a be (0/(-2))/((-22)/(-22)). Suppose a = 6*b + 11*b - 238. Let h(g) = g**2 - 4*g + 9. Let s be h(5). Calculate the greatest common factor of b and s.
14
Let b(l) = 193*l + 7338. Let v be b(-38). Calculate the highest common divisor of 4524 and v.
4
Suppose -29*b = -22*b + 56. Let u be 13 - 1/(-2)*b. Let k = 92 + -47. Calculate the greatest common divisor of k and u.
9
Suppose v + 2*g = -246, -v + 3*v + 2*g + 490 = 0. Let q = 256 + v. Calculate the greatest common divisor of q and 36.
12
Suppose 80*d - 1571 + 903 = 5572. What is the highest common divisor of 1690 and d?
26
Let v(m) = m**2 - 2*m + 557. Let i be v(-25). Calculate the greatest common factor of i and 1386.
154
Let i(t) = -12*t + 189. Let j be i(15). Let l be (-5 + j)*26*(-1)/(-8). What is the greatest common divisor of l and 325?
13
Let o be 5 - 5/(-1)*15/(-25). Suppose 7*i - 361 = o*i + u, 2*u = -2. Suppose -6*b + i = -0*b. What is the highest common divisor of b and 84?
12
Let a be 58/435 - (-266)/30. Let z be (25 - (8 - a)) + 8/2. What is the highest common factor of 66 and z?
6
Let j(v) = -6*v - 24. Let i(l) = -l + 2. Let c(p) = 8*i(p) + j(p). Let x be ((-4)/10)/(0 + 1/5). Let b be c(x). What is the greatest common factor of b and 20?
20
Let z be (148/(-296))/(2/(-216)). Calculate the highest common factor of 1161 and z.
27
Let v be ((-6)/(-21))/(40/(-14) + 3). Let z(d) = 4 + 0 + v*d - 4*d - 7. Let t be z(-3). What is the highest common factor of 1 and t?
1
Suppose 329596 = 207*x - 121*x + 176*x. What is the greatest common factor of 1998 and x?
74
Let n be 0 - (-1905)/10 - (-3)/6. Let d = 240 - n. What is the greatest common factor of d and 28?
7
Let t = 22049 - 12293. What is the greatest common factor of t and 72?
36
Let i = 3870 + 2241. Calculate the greatest common divisor of i and 63.
63
Let o(v) = 5*v - 158. Let m be o(37). Let t be (2/3)/((-6)/(-9)). Let s be 4*(1 + t) - -1. Calculate the highest common divisor of m and s.
9
Suppose -2*h - 3*k + 37 = -19, -42 = -h - 5*k. Let p be (14/(-3))/(h/(-2343)). Calculate the highest common divisor of p and 7.
7
Let h = 239 + -161. Suppose -77*c = -h*c. Suppose -2*u + 2 = c, 0 = -2*v + 3*u - u. Calculate the greatest common divisor of 13 and v.
1
Let a = 9105 + -7423. Calculate the greatest common divisor of 145 and a.
29
Let u(w) = -5*w**3 + 1. Let x be u(-1). Let v(s) = -2*s**2 - 15*s + 22. Let j be v(-8). Let c be j - (-6)/6*1. Calculate the highest common factor of x and c.
3
Let j be (-6)/27 - 130/(-18). Suppose j*r = 219 + 761. What is the greatest common factor of 60 and r?
20
Suppose -33*f - 412 = -1237. Suppose f = -4*s + 69. Calculate the greatest common divisor of s and 121.
11
Suppose -3*i + 5*t - 302 = -2232, -5*t - 2560 = -4*i. Calculate the highest common divisor of i and 1113.
21
Let n be (4*1)/((-1)/(-6)). Let p = -449 + 888. Let c = -407 + p. What is the greatest common factor of n and c?
8
Let h(y) = -20*y + 15. Let z be h(-19). Let w = 422 - z. Let p = 60 - 42. Calculate the greatest common divisor of p and w.
9
Suppose 71 = -46*i - 113. Let k be (51 - (4 - i)) + 8. What is the greatest common divisor of 459 and k?
51
Let c(b) = b**3 - 3*b**2 - 52*b - 3. Let n be c(-6). Let g be (n/(-2))/(-6*1/(-44)). Calculate the greatest common factor of 154 and g.
11
Let m = 231 + -227. Let l(k) = -11*k - 36. Let g be l(-6). What is the highest common divisor of m and g?
2
Let w be -35*(-9 - (3 - 4) - -1). Suppose -211 = 4*k + w. Let n = 162 + k. Calculate the greatest common factor of 32 and n.
16
Suppose -38 = 13*f - 32*f. Suppose -3*s = f*c - 4*s - 214, -2*s = -5*c + 536. What is the highest common factor of 72 and c?
36
Let b(z) = -35*z + 3583. Let s be b(98). Calculate the greatest common divisor of s and 18.
9
Suppose 7*m + 21175 - 42420 = 0. Calculate the highest common divisor of m and 5.
5
Let h = 56 - 41. Suppose 270 = 10*t - 4*t. Suppose -3*m - t = -6*m. Calculate the greatest common divisor of h and m.
15
Let h = -25793 - -26222. Calculate the greatest common factor of h and 264.
33
Let s(h) = 47*h + 2563. Let c be s(-54). Calculate the highest common factor of c and 2225.
25
Let j(l) = -186*l - 1032. Let x be j(-6). What is the highest common factor of 300 and x?
12
Suppose 48*i - 12*i - 5130 = 2430. What is the greatest common divisor of 3066 and